mmon divisor of q and 72?
8
Suppose -6721 + 43 = -14*p. Calculate the greatest common factor of p and 36.
9
Suppose 2*n = -3*u + 655, -u + 2*u - 5 = 0. Let y be (-4 + 3)/((-1)/128). Calculate the greatest common factor of n and y.
64
Let r be (0/(-7))/4 + 2. Suppose -80 = -r*s - 5*z, 4*s - 3*z - 123 = 89. Calculate the highest common divisor of 40 and s.
10
Suppose -z - 12*z = 4*z - 15606. What is the greatest common divisor of 216 and z?
54
Let y = 11535 - 10079. Calculate the greatest common divisor of y and 896.
112
Suppose -4*o - 3*b + 3346 = 0, 317*o + 1634 = 319*o - 5*b. Calculate the highest common factor of 260 and o.
52
Let v(d) = 7*d**3 + 6*d**2 - 2*d - 5. Let k be v(1). Calculate the greatest common divisor of k and 454.
2
Suppose -124*y - 5880 = -222*y. Calculate the highest common factor of y and 230.
10
Suppose 0 = -197*k + 193*k - v + 671, v = -3*k + 502. Calculate the greatest common factor of k and 143.
13
Let j = 19144 + -17965. Calculate the greatest common factor of 171 and j.
9
Suppose -136*b = -1222 - 7346. What is the greatest common factor of b and 525?
21
Let c = 6524 + 2166. Calculate the highest common divisor of c and 220.
110
Let w be (1 - (-22)/8) + 23/92. Let o be (-146)/(-4) + w/(-8) - 0. What is the greatest common divisor of o and 99?
9
Suppose -303*c + 7056 = -32*c + 23*c. Calculate the greatest common factor of c and 50712.
24
Suppose 579*s = 88190 + 319426. Calculate the greatest common factor of 832 and s.
64
Let i = -23696 - -44407. Calculate the highest common divisor of i and 298.
149
Suppose -5*r - 384 = -3*f, 3*f - 3*r - 384 = -0*r. Let k = -60 + f. Let j(c) = 2*c + 3. Let p be j(7). Calculate the greatest common divisor of k and p.
17
Let o(c) = -25*c**2 + 252*c + 3. Let a be o(5). What is the greatest common factor of a and 4582?
58
Suppose -6*b - 73*b + 1386 = -2564. What is the highest common divisor of 1370 and b?
10
Let v be (2/(-3))/((-2)/30). Let s(k) be the third derivative of k**4/12 + 13*k**3/6 - 21*k**2. Let r be s(v). What is the highest common factor of 22 and r?
11
Let d be (1154 + 1)/((-3)/(-2)). Suppose 0 = a + a - 3*w - 308, 5*a - 4*w - d = 0. Calculate the greatest common divisor of 28 and a.
14
Let g = -399 + 403. Suppose 4*v + 19 = 15, g*c - v - 17 = 0. Calculate the highest common divisor of c and 120.
4
Let a be (-320)/(-128)*66/5*1. Let n = -54 + 30. Let z = -21 - n. What is the highest common divisor of a and z?
3
Let f(i) = 533*i - 2099. Let u be f(7). Calculate the highest common divisor of 384 and u.
96
Let y be 40550/90 - (-18)/(-135)*40/(-12). What is the greatest common divisor of y and 33?
11
Let u = -742 - -99. Let q = -229 - u. Calculate the greatest common divisor of 92 and q.
46
Let f(q) = q**3 - q**2. Suppose 2*y + 3*y - 10 = 0. Let n be f(y). Suppose 36*u - 58 = 12*u - 34. What is the highest common factor of n and u?
1
Let n = -43 + 117. Let z be 5240/2882*(0 + 407). Calculate the highest common divisor of z and n.
74
Suppose -8*o = -173*o + 5973330. What is the greatest common factor of o and 46?
46
Suppose -27*s - 7*s + 68 = 0. Suppose 8 = -s*l, -3*b = 6*l - 3*l - 1368. What is the greatest common divisor of b and 20?
20
Let m = 2115 - 1466. Calculate the highest common divisor of 295 and m.
59
Let q(s) = -10*s**3 + 4*s**2 - 7*s - 12. Let l be (-2 + 11 + -5)/(-2 + 1). Let j be q(l). What is the highest common factor of 45 and j?
45
Suppose 4*b - b - k - 85 = 0, -b + 23 = 5*k. Suppose 4*n - 2*g = -b, 2*g + 9 = -5*n - 2*g. Let p be 11*5*(-1)/n. What is the highest common factor of 1 and p?
1
Suppose -3*j + 2*y + 110 = 0, 0 = -4*j + 3*y + y + 148. Calculate the highest common divisor of 76 and j.
4
Suppose 3*k = v - 210, 4*v + 5*k - 193 = 545. Calculate the highest common factor of v and 1296.
48
Let h be (-5226)/(-6) + -4*(-18)/24. What is the highest common factor of 38 and h?
38
Suppose -b - 593 = -5*l, -113 = 598*l - 599*l + b. Calculate the greatest common factor of 16920 and l.
120
Suppose 6 = -3*z, 2787 = -2*v - 4*z + 7903. Suppose -v = -8*d - 13*d. What is the highest common divisor of 2 and d?
2
Suppose 31 + 59 = 6*j. Suppose j*m - 279 = 3726. What is the highest common factor of m and 89?
89
Let f = 409 + -404. Suppose -f*i + 10 = 0, 3*o + 2*i = 5*i + 84. Let r = 79 + -4. What is the highest common divisor of o and r?
15
Suppose 5*p = 4*p + 7*n + 234, -598 = -3*p - 5*n. Calculate the greatest common divisor of 824 and p.
206
Let w = 286 - 278. Let r be -1 - 2*2/1. Let u = -4 - r. What is the greatest common factor of u and w?
1
Let m = 10659 + -10619. Calculate the greatest common divisor of 23080 and m.
40
Suppose -u + 688 = 2*u - 5*l, -4*u = -4*l - 920. Let t = u - 119. Let j = -60 + 74. Calculate the greatest common divisor of j and t.
14
Let t(n) = 18*n**2 - 33*n - 72. Let v be t(6). Calculate the greatest common factor of v and 108.
54
Let z = 10128 + -6257. What is the highest common factor of z and 98?
49
Suppose -29*t + 42*t + 300 = 25*t. Calculate the greatest common factor of 200 and t.
25
Suppose 3*b = 2*u - 1, 4*b - 3*b = u - 2. Suppose -3*l - 884 = -4*x, -b*x + 0*l = 5*l - 692. What is the greatest common factor of x and 70?
14
Let h(m) = 92*m + 970. Let u be h(15). What is the greatest common factor of 200 and u?
50
Suppose -3*y + 1119 = 3*k, -19*k + 16*k + 3*y = -1149. What is the highest common divisor of k and 42?
42
Suppose 6 = 2*z, 3*d - 461 - 415 = -3*z. Let u = d + -265. Calculate the greatest common divisor of u and 6.
6
Suppose -u = -5*p - 24 + 80, -4*u = 4. What is the greatest common divisor of p and 3179?
11
Suppose -450*l + 16330 = 4767 - 3287. Calculate the greatest common factor of l and 209.
11
Let u(k) = -k**2 + 23*k + 39. Let p be u(19). What is the greatest common factor of 1679 and p?
23
Let a(h) = -h**3 - 18*h**2 - 2*h + 62. Let o be a(-19). Let w = o - 446. What is the greatest common factor of w and 915?
15
Suppose -224*w + 160922 = -163878. What is the highest common divisor of 406 and w?
58
Suppose -3*z - 3*f + 39 = 0, -208*z + 204*z - 3*f + 56 = 0. Calculate the greatest common divisor of 1003 and z.
17
Suppose 636 = 6*m - 1038. Suppose 8*a - 3*a = 4*v + 306, 2*v - 312 = -5*a. Let i = 93 - a. What is the greatest common factor of m and i?
31
Let w = -11468 + 13472. What is the greatest common factor of 84 and w?
12
Suppose -4*p - 5*s + 6380 = 0, -5*s + 560 = -5*p + 8490. Calculate the greatest common divisor of p and 270.
30
Let n = 15142 - 15061. Suppose -4 = -q - r - r, -4*q = 5*r - 19. Let s = 3 + q. Calculate the greatest common divisor of n and s.
9
Let w = -4981 - -5001. Calculate the highest common divisor of 1830 and w.
10
Let y be (-696)/(-20) - 1/(-5). Let x(b) = -b**3 + b**2 + 8*b + 1. Let p be 9/(0 - 1)*8/(-24). Let d be x(p). Calculate the highest common factor of y and d.
7
Let n = 4303 + -847. Suppose -w + n = 23*w. Calculate the greatest common factor of w and 18.
18
Suppose -2*q + 5968 = -2*t, -2236 - 3738 = -2*q + 5*t. Calculate the highest common divisor of q and 42.
42
Let k = -5200 + 5842. Calculate the greatest common divisor of k and 24.
6
Suppose 10608 = -21*i - 14*i + 19008. Calculate the highest common divisor of i and 8880.
240
Suppose 4*t = 3*f - 41, 0 = t + 2 - 0. Let c = f + 83. Suppose -c = -5*h + 426. What is the greatest common factor of 13 and h?
13
Suppose -4*h + 4*i + 8 = -4, 4*h - 7 = -i. Suppose -36 - 120 = -h*w. Calculate the highest common divisor of w and 117.
39
Suppose t - 2*m - 1228 = 0, 21*t - 2*m = 26*t - 6152. Calculate the greatest common divisor of t and 75.
15
Suppose -3*d - n + 0*n + 160 = 0, 0 = -d - 4*n + 46. Suppose 3*a - 5*h = -267, 2*h + 9 = -h. Let s = 112 + a. Calculate the highest common divisor of s and d.
18
Let r = 35 - 31. Suppose r*b = 3*v + 68, 6*v - v + 34 = b. Let p be 108/189 - (-454)/b*1. What is the greatest common divisor of p and 3?
3
Let s(v) = -v**2 - v + 7. Let l be s(3). Let z(m) = 3*m**2 + 17*m + 74. Let r be z(l). Calculate the greatest common factor of r and 16.
16
Suppose 1193 = 2*p + 13*i - 18*i, 3*p - 5*i = 1787. Calculate the highest common factor of 1458 and p.
54
Let d = -310 - -484. Suppose 4*x - 6*x + d = 0. Let m = x - 79. What is the greatest common divisor of m and 88?
8
Suppose -155*d = 150*d - 292*d - 23920. Calculate t